ppose x + 1 = 5. Let j be (-373)/(-7) + x/(-14). Suppose -w + j + 152 = 4*u, -u - 419 = -2*w. Is w a prime number?
False
Suppose 78*y - 817145 = 43*y. Is y a prime number?
False
Let m be (-9 - -8) + 3*1. Suppose 504 + 1003 = 5*i + m*c, -i + 299 = -2*c. Is i composite?
True
Let s = 9728 + -3044. Let b = -3820 + s. Is (b/24)/((-4)/(-6)) prime?
True
Let h be (2 + 7)/((-2)/466). Let q = -1483 - h. Let f = q + 131. Is f composite?
True
Let i be 2/6 + (-1)/3. Let t(s) = -18 + 254 + s + 192 + 219. Is t(i) prime?
True
Let q = 394 - -388. Suppose 8*t - 6*t = q. Is t a prime number?
False
Suppose 12*t + 6*t = -1080. Is (-3)/(-2)*(-14920)/t composite?
False
Suppose -3*d + 7388 + 15475 = 0. Is d a composite number?
False
Let t(r) = -r**3 - 2*r**2 - 82*r - 47. Is t(-28) a composite number?
True
Let d = 15 + -13. Suppose -4*u + d*u = -680. Suppose 0 = -2*g + 42 + u. Is g a prime number?
True
Let s = 47 - 47. Suppose s = -c + 4*c - 2553. Is c a composite number?
True
Let n(r) be the first derivative of -12*r**2 + 17*r + 8. Is n(-6) prime?
False
Let w(m) = -245*m + 17 - 10 - 27 - 26. Is w(-19) prime?
False
Let u = -10 - -6. Let b(y) = -4*y**3 + 6*y**2 + 8*y - 2. Let o be b(-4). Is u/(-14) + o/14 prime?
True
Suppose -2*v = 2*k - 0*k - 2474, k - 1221 = 3*v. Suppose -j - 2*j - 2*s = -1869, -k = -2*j + 3*s. Let z = j - 368. Is z a composite number?
True
Let g(c) be the second derivative of 11*c**3 + 17*c**2/2 + 16*c. Is g(9) a composite number?
True
Suppose 3*m + 13 = -5*f, 3*m + 3*f - 1 = -4. Suppose m*v - 2 - 10 = 0. Suppose 0 = 2*r - 3*d - 128, v*d = -2*r - 0*r + 140. Is r a composite number?
False
Let j(f) = 11*f - 5. Let p = 7 + 0. Suppose -4*d + p = -9. Is j(d) composite?
True
Let z = 11 - 9. Is (16/(-24))/(z/(-795)) prime?
False
Suppose -586 = -3*k + k. Suppose 4*u - k = u - y, -2*y + 198 = 2*u. Is u composite?
False
Let q(x) = -22*x**3 - x**2 - 2*x - 1. Let l be q(-1). Let t(s) = 172*s - 73. Is t(l) a prime number?
False
Let h(p) = -p**3 + 3*p**2 + 4*p. Let k be h(3). Let s(c) = 23*c - 24. Let m be s(k). Let u = 719 - m. Is u a prime number?
True
Let v(n) = 72*n**2 - 8*n + 19. Is v(9) a composite number?
False
Let h(q) = 1745*q - 8. Let w be h(3). Let b = 7520 - w. Is b a composite number?
False
Let b(c) = c**3 + c**2 + 2*c - 12. Let v be b(7). Let n = v - 141. Is n a prime number?
False
Let a(c) = 34469*c**2 - 2*c + 7. Is a(2) prime?
False
Suppose -22 = 5*i - 7. Is -4 + (2 + i - -378) a composite number?
False
Suppose t + 2*t - 45 = 0. Let b(i) = -5*i + t*i - 1 - 4. Is b(15) prime?
False
Let z(g) = -677*g + 534. Is z(-13) a prime number?
False
Suppose 5*v - 3*m = 3*v + 8, 5*v - m = 33. Let j(l) = l**2 + 7*l - 9. Is j(v) composite?
False
Suppose -1891 - 2991 = -2*u - 4*s, -u + 2*s = -2453. Is u composite?
False
Let b(c) be the third derivative of 1/60*c**5 + 0*c + 35/6*c**3 - 1/24*c**4 - 3*c**2 + 0. Is b(0) prime?
False
Let x(q) = 1115*q**2 + q + 7. Is x(2) a composite number?
True
Let k(h) be the first derivative of 9*h**5/40 + h**4/8 - h**3/3 - 7. Let i(u) be the third derivative of k(u). Is i(14) prime?
False
Let n be (584 - -1)*(-20)/12. Let j = n - -1459. Suppose -2*w = -j + 78. Is w a composite number?
True
Suppose 545 = 4*b + 5*n, 5*b + 4*n - 466 = 213. Is b + (-7 - (-4 + 1)) a prime number?
True
Is -4 - (0 - (0 - -3597)) prime?
True
Let i be 2930/30 + 1/3. Let t = i + -45. Is t a prime number?
True
Suppose 3*t - 5*y = -65, -2*t - 1 - 34 = 5*y. Let u = t + 85. Is u a prime number?
False
Suppose 115*q - 107*q = 4688. Is q prime?
False
Suppose 23*v = 190929 + 81138. Is v prime?
False
Suppose -13*j = -8*j + 5*t - 115550, -92410 = -4*j + 2*t. Is j prime?
False
Suppose 2*m + n - 3423 = 0, 3435 = 2*m - 132*n + 129*n. Is m composite?
True
Is 632328/28 - ((-27)/7 + 4) composite?
True
Let u be (-1 + (-4)/(-2))/(1/303). Suppose b = -2*j + u, -b - 3*b - 725 = -5*j. Is j a composite number?
False
Suppose -6*u + 7736 + 7678 = 0. Is u a composite number?
True
Let o(h) = -171*h**2 + 24*h + 15. Let i(j) = 85*j**2 - 12*j - 8. Let m(k) = -5*i(k) - 3*o(k). Let l be m(-5). Let c = -1572 + l. Is c a composite number?
False
Let u(r) = -4*r**3 - 5*r**2 + 2*r - 3. Let c be ((-6)/12)/((-2)/(-24)). Is u(c) a prime number?
False
Suppose 0 = 3*c + 2*i - 12, -9 = -6*i + 3*i. Suppose -c*d + n + 635 = 0, -4*n - 307 = -d - 0*n. Is d prime?
False
Let a = -71730 + 126475. Is a a prime number?
False
Let o(t) = t**3 - 5*t**2 - 7*t + 8. Let i be o(6). Suppose -d + n - 10 = -2*d, -n = i*d - 15. Suppose -d*m = -3*m - 26. Is m prime?
True
Let p be 11/(-44) - (-2618)/8. Let d = 364 + p. Is d a prime number?
True
Is -13 + (-11 - -17) + 3312 a prime number?
False
Let t = 15068 - 8731. Is t a prime number?
True
Let h(q) = -q - 1. Let m be h(16). Let a(c) = 5*c**2 + 21*c + 6. Let y be a(m). Let d = y + -627. Is d prime?
True
Is (52/(-8))/(946/316 - 3) composite?
True
Let p = -39473 - -66454. Is p prime?
True
Suppose 2*r = 2500 + 918. Let n = r - 756. Is n composite?
False
Let u be (-15)/10*(-20)/(-3). Let j be 21/(-1 + u/(-7)). Suppose -3*i - j = -190. Is i a prime number?
True
Suppose -10*s - 4 = -14. Let b(j) = 175*j**2 + 3*j + 1. Is b(s) a composite number?
False
Let y be (3 + 0)/(-3) + 12/2. Suppose 4*l - p = -l + 1273, y*p = -15. Is l composite?
True
Let j(y) = y**3 + y**2 + 1945. Suppose 2*x - 5*c = 7*x - 15, 4*x - 3*c = -9. Is j(x) a composite number?
True
Suppose 3*r + 5*l = 430 + 425, -5*l = -2*r + 545. Suppose 4*y - r = -2*k + 358, -4*k = -3*y - 1331. Is k a prime number?
False
Let k(t) = 89*t**2 - 4*t + 14. Is k(9) a composite number?
False
Let t = 24003 - 13360. Is t a composite number?
True
Suppose -10*z + 1940 + 2720 = 0. Is z prime?
False
Let h = 18 - -1. Let w = h + -19. Suppose 0*a + 3 = a, w = b - 4*a - 101. Is b a prime number?
True
Let w(a) = 2*a - 11. Let d be w(-4). Let j = 14 - d. Is (-1)/1 - (-2 - j) a composite number?
True
Let s = 245 + -116. Suppose -109 + 1309 = 5*i. Let f = i - s. Is f a prime number?
False
Is ((-2)/4)/(7 + (-660950)/94420) composite?
False
Suppose 0 = -3*r + 14 - 2. Is ((0 - r)/(-4))/(2/1966) a prime number?
True
Suppose -4*z + 36060 = 2*f, 25*z = 22*z - f + 27047. Is z a prime number?
False
Suppose -6721 = -l - 4*a, 2*l = 4*l + 4*a - 13458. Is l prime?
True
Let w(i) = -i**3 - 23*i**2 + 8*i + 17. Is w(-25) prime?
False
Suppose 20 = 5*y, 2*u + y = 6*y - 10. Suppose -2*g + 6 = -5*g, u*g + 526 = 4*o. Is o a prime number?
False
Let b(o) = 4*o**3 + 3*o**2 + o + 2. Let j be b(-7). Let m = j - -2587. Is m composite?
True
Let j(x) = x**3 + 20*x**2 + 14*x + 11. Let k = 21 - 40. Is j(k) prime?
False
Let o be (-20 + -2)*6/(-6). Let p = 109 + o. Is p prime?
True
Let g(d) = d - 10. Let x be g(15). Let u be (0 + x)*(-254)/(-10). Suppose 5*c + 4*r - 635 = 0, c = -0*c + 2*r + u. Is c composite?
False
Let n = 26 + -17. Let z be 3/n - (-11)/3. Suppose 3*q = z*q - 347. Is q composite?
False
Let q = 14012 - -1033. Is 2 + (q/(-25))/(2/(-10)) prime?
True
Let n(k) = k**3 - k**2 - 2*k - 147. Let v be n(0). Let h = 398 + v. Is h a composite number?
False
Let b(i) = -8*i + 11. Let x(r) = -15*r + 23. Let t(p) = 7*b(p) - 4*x(p). Let z be (24/(-14))/((-4)/28). Is t(z) a prime number?
False
Let z(b) = b**2 - 5*b - 12. Let a be z(6). Let r be (-5)/(-2)*a/(-3). Suppose 74 - 473 = -3*w - 5*u, r*w - 665 = -4*u. Is w prime?
False
Let u(f) = f**2 - f. Let k = -5 + 8. Let a(t) = -t + 3. Let l(r) = k*u(r) - a(r). Is l(4) composite?
False
Let t = -113903 - -163660. Is t a composite number?
False
Let l = -353 - -595. Let k be 6006/l + 4/22. Suppose -k = -2*j + 81. Is j a prime number?
True
Let w(q) = -59*q**3 - 21*q**2 - 2*q + 9. Is w(-8) a prime number?
False
Suppose -50*f - 10123 = -51*f. Is f a prime number?
False
Is 5/(-2)*223902/(-45) composite?
True
Is (-62)/93 + (-332578)/(-6) composite?
True
Suppose 0 = -z - 2*c + 10 + 1, -4*z = 4*c - 24. Let i(b) = -7*b**2 - 14*b + 7. Let n(v) = -v**2. Let h(l) = z*i(l) - 6*n(l). Is h(-8) prime?
False
Is 10253*(-1)/(-5) - 8/(-20) prime?
False
Let c(a) = 761*a - 41. Let m be c(-7). Let s = 7547 + m. Is s a prime number?
True
Let n(p) = p**2 + 4*p + 2. Let c be n(3). Let w(u) = -u**2 + 29*u - 19. Is w(c) a composite number?
True
Let o = 1722 + -1184. Let x = 951 - o. Is x prime?
False
Let l(j) = -126*j**2 - j + 2. Let m be l(2). Is (m - 1)/